a composite number?
True
Let s = 32190 + 71359. Is s prime?
True
Let o(v) = 232*v**3 - 4*v**2 + 2*v + 2. Let g be o(2). Suppose 8*i - g = 162. Is i a composite number?
False
Suppose 33*z + 5*g = 31*z + 1258539, 4*z + 3*g = 2517127. Is z prime?
False
Let f = 4472744 + -3125231. Is f composite?
True
Let h(q) = 139*q - 16. Let l = -173 + 179. Is h(l) prime?
False
Let g(n) = 4 - n - n**2 - n**2 - 5 + 51*n**3 + 2*n. Let l = 104 + -101. Is g(l) composite?
False
Let d = 491 - 494. Let b(a) be the third derivative of -a**6/60 - a**5/30 - a**4/12 - 2*a**3/3 - a**2. Is b(d) a prime number?
False
Let v(m) = -214*m**2 + 19*m + 5. Let i(q) = 427*q**2 - 36*q - 10. Let u(d) = 3*i(d) + 5*v(d). Is u(-6) a prime number?
True
Let w be (6 - -16)*6/4. Let u = w + -26. Let p(f) = 13*f + 2. Is p(u) prime?
False
Let i = -87400 - -175189. Let z = i + -57496. Is z composite?
False
Suppose -4*y = 5*b - 1532568, -4*b - 1595030 = -4*y - 62426. Is y a prime number?
True
Let d(r) = 5*r**2 + 7 - 3*r - 13*r**2 + 6*r + 7*r**3. Let p be 5 + (-12)/18 - 8/(-12). Is d(p) prime?
False
Suppose 818216 = 2*m + 3*o, -114 = 3*o - 96. Is m composite?
True
Suppose -6*p - 2*k = -5*p - 15, k = -3*p + 25. Suppose 0 = -u + 2*u + p*u. Is (1 + 0)*157 + u a prime number?
True
Let r(u) = -564*u - 347. Let l(a) = -a**3 - 8*a**2 + 5*a - 4. Let x be l(-8). Is r(x) composite?
False
Let o be 35546 - ((-24)/(-84) - (-2)/(-7)). Suppose -28555 = -3*u + o. Is u a composite number?
True
Suppose -7*v + 9*v - 4*n - 752326 = 0, 0 = -n - 6. Is v a composite number?
True
Let r be (-1)/3*(2 - -11)*-3. Let q(c) = -c**3 + 2*c**3 + r*c + 16*c**2 - 11 - 14 + 12*c. Is q(-12) prime?
True
Let w(b) = 73*b**2 - 124*b**2 + 61*b**2 - 13*b + 4 + 188*b**3. Is w(2) composite?
True
Let n be -10 + 8 + -5 + 0 + 0. Let i(d) = -2286*d - 65. Is i(n) a prime number?
True
Let k(d) = 81008*d + 327. Is k(2) composite?
False
Let k(o) = 16*o**2 + 12 + 4 - 20 - 10*o. Is k(-9) a prime number?
False
Let d(k) = -8*k + 194. Let p be d(0). Suppose l = 2579 + p. Is l composite?
True
Let a be 132 + -2 + (-3 - 0 - -5). Suppose -a = -5*l + 123. Suppose -369 = -l*k + 48*k. Is k prime?
False
Let f = 1242114 + -821911. Is f a composite number?
True
Let p(w) = -122*w**3 + 11*w**2 + 4*w + 35. Is p(-6) composite?
False
Let p be 0 - (-241918)/14 - (-10)/70. Let q = p + -6177. Is q composite?
True
Let d(f) be the third derivative of f**6/30 - 2*f**5/15 - f**4/3 + 37*f**3/6 - 9*f**2 + f. Is d(13) prime?
True
Let r(k) = 89*k**2 - 44*k - 31. Is r(-29) a composite number?
True
Suppose -4*v + 32 - 16 = 0. Is 6/v*((-57632)/12)/(-4) a composite number?
False
Let f(z) = 495*z + 128. Is f(14) prime?
False
Let y = -7749 - -8906. Suppose 4*u = o + 109, 139 = 4*u + 5*o + 12. Suppose n + 4*k = 237, -3*k + y = 5*n - u. Is n composite?
True
Let c be 4/22 - 465430/110. Suppose 5*k - 5*p = -3*p - 9544, -5*p = -k - 1895. Let h = k - c. Is h prime?
False
Suppose 160*b - 162*b + 3*c + 981 = 0, -5*b = c - 2512. Is b composite?
True
Let i(x) = 16*x**2 + 79*x - 259. Is i(110) composite?
False
Let h = -294287 + 492614. Is h prime?
False
Let r(x) = 4697*x - 61. Let j be r(10). Let m = j + -20768. Is m a composite number?
False
Suppose -h - j = 1 + 3, -4*h - 2*j = 8. Suppose -7*v + 1391 - 7313 = h. Let s = v + 1787. Is s a prime number?
True
Suppose 4*k + 129 = -0*q + 3*q, -3*q = 3*k + 81. Let d be 1*-692 - (-5)/(k/12). Let p = d + 1979. Is p a prime number?
False
Suppose 0 = -4*l + 47*j - 49*j + 157262, -l + 39318 = j. Is l a prime number?
True
Suppose 2*p = -2*t + 908218, -86*p + 2270545 = 5*t - 89*p. Is t composite?
False
Suppose -17602 = 52*d + 39598. Let u = d + 2073. Is u a composite number?
True
Suppose 901673 - 3213540 - 3399712 = -37*m. Is m a composite number?
True
Let x(o) = 24*o**3 + 6*o**2 - 46*o + 29. Is x(21) a composite number?
True
Suppose -2*b + 10 = 0, -11*b - 1103073 = -4*c - 12*b. Is c composite?
False
Let n(a) = -4*a**2 + 11*a + 20. Let l(j) = -j**2 - j - 1. Let i(o) = 6*l(o) + n(o). Let y be i(-10). Let m = y + 2263. Is m a composite number?
True
Let h = -1162 - -1174. Let j(a) = -a**3 + 14*a**2 + 5*a**2 - 5*a**2 - 7 - 11*a. Is j(h) composite?
False
Suppose -14*c - 72 = -2*c. Is 5/(-10) + (-14901)/c - 4 a composite number?
True
Let k(n) = n + 24. Let l be k(-10). Suppose 2*f - 43 + l = 3*a, 3*a = f - 34. Let s(u) = -u**3 - 12*u**2 - 2*u + 16. Is s(a) composite?
False
Let s(m) = 2*m**2 + 12*m - 10. Let c be s(-7). Suppose 19389 - 3157 = c*o. Suppose 4*p - h = 3*h + 8056, -2*p - 4*h + o = 0. Is p a prime number?
False
Let n(h) = 1805*h + 529. Is n(12) prime?
True
Is 54/(-351)*13 + 152985/1 composite?
True
Let c(d) = 8*d**2 + 48*d + 1057. Is c(-72) prime?
False
Suppose 3*o - 1569 - 1623 = 0. Let r = -536 + o. Suppose -3*m - 39 = -r. Is m composite?
False
Suppose -4*p - 373624 = -4*y, 0 = 302*y - 303*y - p + 93408. Is y prime?
True
Let a(v) = -12*v - 15. Let t be a(-2). Suppose 39*i - t*i = 32190. Is i composite?
True
Let d(p) be the third derivative of p**5/5 + 11*p**4/24 - 17*p**3/6 + 15*p**2. Let y be d(-16). Let q = y - 2000. Is q a composite number?
True
Let u(s) = s**2 + s - 16. Let n be u(4). Suppose -4*w = n*b - 9260, -b + 2319 = 2*w - 3*w. Is b prime?
False
Let j(q) = -28*q**3 + 21*q**2 + 20*q + 123. Is j(-14) composite?
True
Suppose -5*c = 39*n - 34*n - 120, 4*c + 29 = n. Suppose 26*q - 15449 = n*q. Is q prime?
False
Suppose 0*i - 5*i = 3*j + 50556, 4*j + 20214 = -2*i. Let t = 14480 + i. Is t a prime number?
False
Suppose i - 404333 = -30*i. Is i a composite number?
False
Is (-22908249)/(-777) + 2/37 composite?
False
Let z(u) be the second derivative of -88*u**3/3 - 219*u**2/2 + 2*u - 142. Is z(-12) composite?
True
Let j(n) be the third derivative of -n**6/120 - 13*n**5/60 + n**4/6 + n**3 - 23*n**2. Let l be j(-13). Let y = l + 113. Is y a prime number?
True
Suppose -8*x - 165747 = 6997. Let y = 48552 + x. Is y a prime number?
True
Suppose -3*s + 3*y + 267400 = -10394, -4*y + 20 = 0. Is s prime?
False
Is (((-32)/64)/((-2)/(-4)))/(2/(-228886)) a composite number?
True
Let c(a) = 61872*a**2 + 113*a + 52. Is c(-3) a composite number?
True
Let z be (-15)/15 + 1*-92. Let i = -93 - z. Suppose i*v = 17*v - 100997. Is v a composite number?
True
Suppose 3*h - 2686 = m, -6*h + 3582 = -2*h - m. Suppose 5*a = 5*f + 1800, 4*f - 198 - h = -3*a. Is a a prime number?
False
Is (1 - -4 - 4)*116267042/38 a prime number?
True
Suppose 0 = -8*c + 14 + 2. Suppose 4*v = -4*h - c + 6, -h + v = -3. Suppose 1534 = h*x - 0*x. Is x prime?
False
Suppose -2272 = 18*u + 22424. Is (-11 - u)/((-2)/(-2)) a composite number?
False
Let q(i) = -10*i - 35. Let z be q(-4). Suppose 0*b = -5*b + z, -5*d = 5*b - 6140. Is d a composite number?
True
Suppose 4826071 = 199*b - 31704160. Is b a prime number?
True
Suppose 2*c + 5464453 = 2*y + 3*y, 0 = 3*c - 18. Is y a composite number?
False
Let p be (-6051 - 12/(-3))*-5. Suppose 0 = 307*m - 302*m - p. Is m composite?
False
Let n(l) be the second derivative of l**4/12 + l**3/6 - 2*l**2 - 31*l. Let k be n(-3). Suppose u - k*u = -1397. Is u a prime number?
False
Let j(q) = 5160*q**2 - 483*q + 2927. Is j(6) a composite number?
False
Suppose 605 = 3*h - 8*h. Let q = -49 - h. Is 4/q*-3 + 10526/12 a composite number?
False
Suppose -8*v = -94*v + 3434066. Is v a prime number?
False
Suppose -2*u = 3*s - 25, 4*u - 3*s = -4 + 27. Suppose u*m = 4*m + 1688. Is m a prime number?
False
Let d be -77 + 0/(1 + 1). Let y be 183 - 5/(25/(-45)). Let k = y + d. Is k a composite number?
True
Let d(i) = 14816*i**2 + 488*i - 977. Is d(2) a composite number?
False
Suppose -5*l + 146 = -3*c + 437, -2*l - 132 = 4*c. Is 8/(-2)*((-47625)/l)/(-5) composite?
True
Let b = -1968 + 4688. Suppose 3*z - k - 13185 + 1556 = 0, 0 = z + k - 3879. Suppose 0 = -9*g + b + z. Is g composite?
False
Let w be (-1)/2 - 0 - (-1)/(-2). Let h = w - 7. Is 352 - 1 - (h - -4) a composite number?
True
Let m = 9448 - 5491. Suppose 3*b - 5*s - m = -s, 3*b + s - 3972 = 0. Is (b - (-4)/(-2)) + -2 prime?
True
Let t(u) be the second derivative of 19/12*u**4 - 9/2*u**2 - 5*u + 1/2*u**3 + 5. Is t(7) composite?
True
Let z be (-1*1 + 3)*2. Suppose -44 = -3*f + q - 28, 3*f - 36 = -3*q. Suppose f*g - z*g = 894. Is g a prime number?
False
Is (-394)/(-1182)*(833613 - (0 + 0)) a composite number?
True
Let a(s) = 